{"id":95,"date":"2019-01-30T09:11:15","date_gmt":"2019-01-30T09:11:15","guid":{"rendered":"http:\/\/www.kz-hoce.si\/?page_id=95"},"modified":"2025-08-22T13:15:05","modified_gmt":"2025-08-22T13:15:05","slug":"izbrana-kakovost","status":"publish","type":"page","link":"https:\/\/www.kz-hoce.si\/?page_id=95","title":{"rendered":"Izbrana kakovost"},"content":{"rendered":"\n<figure class=\"wp-block-image is-resized is-style-circle-mask\"><img loading=\"lazy\" decoding=\"async\" src=\"https:\/\/www.kgz-sava.si\/files\/novo-izbrana-kakovost.jpg\" alt=\"\" width=\"150\" height=\"180\"\/><\/figure>\n\n\n\n<figure class=\"wp-block-image aligncenter is-resized\"><img loading=\"lazy\" decoding=\"async\" src=\"https:\/\/www.kgz-sava.si\/files\/logo.png\" alt=\"\" width=\"377\" height=\"75\"\/><\/figure>\n\n\n\n<p><strong>Naziv aktivnosti:<\/strong><\/p>\n\n\n\n<p>Vklju\u010ditev v podukrepe:<\/p>\n\n\n\n<ul class=\"wp-block-list\">\n<li>3.1 \u2013 Podpora za novo sodelovanje v shemi kakovosti v letu 2016 \u2013 za proizvod govedo in mleko<\/li>\n\n\n\n<li>3.1. \u2013 Podpora za novo sodelovanje v shemi kakovosti v letu 2017 \u2013 za proizvod govedo<\/li>\n<\/ul>\n\n\n\n<p><strong>Povzetek:<\/strong><\/p>\n\n\n\n<p class=\"has-small-font-size\">Z vklju\u010ditvijo v podukrep 3. smo dele\u017eni povra\u010dila stro\u0161kov, ki so nastali z vklju\u010ditvijo v upravi\u010deno shemo kakovosti, letni prispevkom za sodelovanje v njej in pregledi, potrebnimi za preverjanje skladnosti s specifikacijami sheme.<\/p>\n\n\n\n<p><strong>Glavne dejavnosti:<\/strong><\/p>\n\n\n\n<p class=\"has-small-font-size\">Na\u0161a obveznost za pridobitev sredstev iz naslova podukrepa 3.1 je vsakoletna pridobitev certifikata, za kar je potrebno izpolnjevati vse pogoje iz specifikacije za meso v okviru sheme kakovosti izbrana kakovost, kar se preverja s strogimi pregledi, s strani kontrolne organizacije. Poleg tega uporabljamo za\u0161\u010ditni znak za shmeo kakovosti izbrana kakovost in tr\u017eimo proizvode za katere smo prejeli certifikat.<\/p>\n\n\n\n<p><strong>Cilji:<\/strong><\/p>\n\n\n\n<ul class=\"wp-block-list\">\n<li>pove\u010danje dodane vrednosti kmetijskih proizvodov in<\/li>\n\n\n\n<li>ve\u010dje \u0161tevilo proizvodov iz sheme kakovosti izbrana kakovost na trgu<\/li>\n<\/ul>\n\n\n\n<p><strong>Pri\u010dakovani rezultati:<\/strong><\/p>\n\n\n\n<ul class=\"wp-block-list\">\n<li>pove\u010danje prepoznavnosti proizvodov na trgovskih policah,<\/li>\n\n\n\n<li>doseganje vi\u0161jih prodajnih cen zaradi dodane vrednosti in<\/li>\n\n\n\n<li>rast prihodkov od prodaje<\/li>\n<\/ul>\n\n\n\n<p><strong>Hiperpovezava na:<\/strong><\/p>\n\n\n\n<ul class=\"wp-block-list\">\n<li>spletna stran Evropske komisije (&nbsp;<a href=\"https:\/\/ec.europa.eu\/agriculture\/rural-development-2014-2020_sl\">http:\/\/ec.europa.eu\/agriculture\/rural-development-204-20\/index_sl.htm<\/a>&nbsp;)<\/li>\n\n\n\n<li>spletna stran programa razvoja pode\u017eelja (&nbsp;<a href=\"http:\/\/www.program-podezelja.si\/\">www.program-podezelja.si<\/a>&nbsp;)<\/li>\n<\/ul>\n\n\n\n<p><\/p>\n","protected":false},"excerpt":{"rendered":"<p>Naziv aktivnosti: Vklju\u010ditev v podukrepe: Povzetek: Z vklju\u010ditvijo v podukrep 3. smo dele\u017eni povra\u010dila stro\u0161kov, ki so nastali z vklju\u010ditvijo [&hellip;]<\/p>\n","protected":false},"author":3,"featured_media":0,"parent":0,"menu_order":6,"comment_status":"closed","ping_status":"closed","template":"","meta":{"site-sidebar-layout":"default","site-content-layout":"","ast-site-content-layout":"normal-width-container","site-content-style":"boxed","site-sidebar-style":"default","ast-global-header-display":"","ast-banner-title-visibility":"","ast-main-header-display":"","ast-hfb-above-header-display":"","ast-hfb-below-header-display":"","ast-hfb-mobile-header-display":"","site-post-title":"","ast-breadcrumbs-content":"","ast-featured-img":"","footer-sml-layout":"","theme-transparent-header-meta":"","adv-header-id-meta":"","stick-header-meta":"","header-above-stick-meta":"","header-main-stick-meta":"","header-below-stick-meta":"","astra-migrate-meta-layouts":"default","ast-page-background-enabled":"default","ast-page-background-meta":{"desktop":{"background-color":"var(--ast-global-color-5)","background-image":"","background-repeat":"repeat","background-position":"center center","background-size":"auto","background-attachment":"scroll","background-type":"","background-media":"","overlay-type":"","overlay-color":"","overlay-opacity":"","overlay-gradient":""},"tablet":{"background-color":"","background-image":"","background-repeat":"repeat","background-position":"center center","background-size":"auto","background-attachment":"scroll","background-type":"","background-media":"","overlay-type":"","overlay-color":"","overlay-opacity":"","overlay-gradient":""},"mobile":{"background-color":"","background-image":"","background-repeat":"repeat","background-position":"center center","background-size":"auto","background-attachment":"scroll","background-type":"","background-media":"","overlay-type":"","overlay-color":"","overlay-opacity":"","overlay-gradient":""}},"ast-content-background-meta":{"desktop":{"background-color":"var(--ast-global-color-4)","background-image":"","background-repeat":"repeat","background-position":"center center","background-size":"auto","background-attachment":"scroll","background-type":"","background-media":"","overlay-type":"","overlay-color":"","overlay-opacity":"","overlay-gradient":""},"tablet":{"background-color":"var(--ast-global-color-4)","background-image":"","background-repeat":"repeat","background-position":"center center","background-size":"auto","background-attachment":"scroll","background-type":"","background-media":"","overlay-type":"","overlay-color":"","overlay-opacity":"","overlay-gradient":""},"mobile":{"background-color":"var(--ast-global-color-4)","background-image":"","background-repeat":"repeat","background-position":"center center","background-size":"auto","background-attachment":"scroll","background-type":"","background-media":"","overlay-type":"","overlay-color":"","overlay-opacity":"","overlay-gradient":""}},"footnotes":""},"class_list":["post-95","page","type-page","status-publish","hentry"],"_links":{"self":[{"href":"https:\/\/www.kz-hoce.si\/index.php?rest_route=\/wp\/v2\/pages\/95","targetHints":{"allow":["GET"]}}],"collection":[{"href":"https:\/\/www.kz-hoce.si\/index.php?rest_route=\/wp\/v2\/pages"}],"about":[{"href":"https:\/\/www.kz-hoce.si\/index.php?rest_route=\/wp\/v2\/types\/page"}],"author":[{"embeddable":true,"href":"https:\/\/www.kz-hoce.si\/index.php?rest_route=\/wp\/v2\/users\/3"}],"replies":[{"embeddable":true,"href":"https:\/\/www.kz-hoce.si\/index.php?rest_route=%2Fwp%2Fv2%2Fcomments&post=95"}],"version-history":[{"count":18,"href":"https:\/\/www.kz-hoce.si\/index.php?rest_route=\/wp\/v2\/pages\/95\/revisions"}],"predecessor-version":[{"id":205,"href":"https:\/\/www.kz-hoce.si\/index.php?rest_route=\/wp\/v2\/pages\/95\/revisions\/205"}],"wp:attachment":[{"href":"https:\/\/www.kz-hoce.si\/index.php?rest_route=%2Fwp%2Fv2%2Fmedia&parent=95"}],"curies":[{"name":"wp","href":"https:\/\/api.w.org\/{rel}","templated":true}]}}